1
In base 8, what is -23 - -3303765?
3303742
In base 12, what is -b5 + -1263a?
-12733
In base 9, what is 274257 + 2702?
277060
In base 9, what is 4 - 2138345?
-2138341
In base 15, what is 2 + -2988aca?
-2988ac8
In base 10, what is 30 + 102106?
102136
In base 15, what is -56a - 866?
-dd1
In base 9, what is 87083421 - -7?
87083428
In base 7, what is 2653430211 + 10?
2653430221
In base 2, what is 10011110 + 101001100000101011?
101001100011001001
In base 6, what is -3124312 + -13353?
-3142105
In base 8, what is 0 - -155100754?
155100754
In base 5, what is 33 + -113140311?
-113140223
In base 9, what is 5273 + -7705?
-2422
In base 6, what is 24310 - 2222122?
-2153412
In base 10, what is -6205 + 2198?
-4007
In base 10, what is -48942045 - -8?
-48942037
In base 9, what is -187600855 - 1?
-187600856
In base 8, what is -3261 - -412?
-2647
In base 3, what is -202 + -21100102222?
-21100110201
In base 2, what is -110100101110100000111 - -101?
-110100101110100000010
In base 5, what is 10 + -13012210440?
-13012210430
In base 4, what is 112 + -2320030331?
-2320030213
In base 6, what is -2545245 + -1245?
-2550534
In base 10, what is -3 + 5400427?
5400424
In base 7, what is -42 - -454546440?
454546365
In base 7, what is 30 + -14561342?
-14561312
In base 5, what is -2014 + -23333410?
-23340424
In base 4, what is 122 + 20232131013?
20232131201
In base 3, what is 101120220010211 - 12?
101120220010122
In base 14, what is c1da + -8745?
3895
In base 6, what is 15440313 + -125?
15440144
In base 8, what is -123 - 2026623?
-2026746
In base 12, what is -5150b63 - -2?
-5150b61
In base 11, what is 17240 - -41a?
1765a
In base 14, what is -263 - 14a58?
-14cbb
In base 7, what is 366 + 1054511?
1055210
In base 11, what is -76 - 95115?
-95190
In base 15, what is 74 - -809ed?
80a72
In base 11, what is -a2 - 61697a?
-616a71
In base 3, what is -12022010202 - 100?
-12022011002
In base 8, what is -4457712 - 123?
-4460035
In base 8, what is 5 - 222027741?
-222027734
In base 10, what is 4697508 - -3?
4697511
In base 13, what is 9b32 - 69b?
9464
In base 9, what is 125251717 - 4?
125251713
In base 11, what is 403 + -14046?
-13743
In base 9, what is -4333036 + 5?
-4333031
In base 9, what is -151 + -2406033?
-2406184
In base 14, what is d2a72 - 1c6?
d288a
In base 3, what is 1 + -100210102012102?
-100210102012101
In base 15, what is -a397565 + 0?
-a397565
In base 5, what is 1323244 + -20231?
1303013
In base 16, what is 138a8c + -14?
138a78
In base 12, what is -78628 + -6a7?
-79113
In base 7, what is -1514342 + -1501?
-1516143
In base 6, what is -245005 + 15540?
-225025
In base 10, what is 8996 - -65?
9061
In base 14, what is -517 + -5c427?
-5c940
In base 7, what is -14011 + -1415546?
-1432560
In base 14, what is 0 + -22619cc?
-22619cc
In base 8, what is 1105 + 21214?
22321
In base 10, what is -396631 + 55?
-396576
In base 16, what is -1 + -4f6245?
-4f6246
In base 10, what is 156885167 - -4?
156885171
In base 10, what is -86 - -2137419?
2137333
In base 14, what is 24 - 1a94a6?
-1a9482
In base 2, what is 1000010111000111100000100 + 10?
1000010111000111100000110
In base 9, what is -84 - 2058128?
-2058223
In base 11, what is 42 + a08391?
a08423
In base 16, what is c09 + -2691?
-1a88
In base 10, what is 3073526 + -3?
3073523
In base 9, what is 8506005 - 1?
8506004
In base 3, what is -12000021020 - 0?
-12000021020
In base 10, what is 2 - -42790986?
42790988
In base 7, what is -4435 + -11536?
-16304
In base 6, what is 0 + 3022333222?
3022333222
In base 3, what is 12221121200112112 - -102?
12221121200112221
In base 6, what is 40154 - -11531?
52125
In base 6, what is 5 - -4335145020?
4335145025
In base 14, what is 20cb03 + 1d0?
20ccd3
In base 9, what is -155 - -621431?
621265
In base 16, what is -1cf8 + -4b2?
-21aa
In base 6, what is -13 + -4115420?
-4115433
In base 6, what is -4 + -442350141?
-442350145
In base 3, what is 110022200021 + -212211?
110021210110
In base 8, what is 1072562 + 10?
1072572
In base 11, what is 42a69a - 24a?
42a450
In base 8, what is 3330123425 + -3?
3330123422
In base 8, what is 353745 + 11?
353756
In base 5, what is 1224 + 232343?
234122
In base 16, what is -83d7b59 + -d?
-83d7b66
In base 2, what is 110000100111011111100001 + 101?
110000100111011111100110
In base 11, what is 589998 + 40?
589a28
In base 5, what is -314 + 3043220?
3042401
In base 2, what is 1010 + -10011011001100110111011?
-10011011001100110110001
In base 7, what is 10134 + -313404?
-303240
In base 7, what is 5 + -325455023?
-325455015
In base 8, what is -15 + 15145362?
15145345
In base 15, what is 5deb + -2eb9?
2e32
In base 11, what is -10 - -148239?
148229
In base 12, what is 49ab2 + 18?
49b0a
In base 16, what is -5 + 2f1bdb?
2f1bd6
In base 15, what is -237b99b - 4?
-237b9a0
In base 12, what is -413024 - -117?
-412b09
In base 12, what is -39103 - 172?
-39275
In base 7, what is -2054 - 11525?
-13612
In base 12, what is -353a - 3796?
-7114
In base 11, what is a1 - -27008a1?
2700992
In base 9, what is 3070144 + 105?
3070250
In base 16, what is -19 - b7f6?
-b80f
In base 2, what is -10110001 - 100011100101100000001?
-100011100101110110010
In base 16, what is 1b3eecc + 3?
1b3eecf
In base 5, what is 4 - 4142213023?
-4142213014
In base 2, what is -100110101010101100 + 111010?
-100110101001110010
In base 9, what is 856552 - -3?
856555
In base 12, what is -33 - 3999b?
-39a12
In base 15, what is 3 - 12eac55?
-12eac52
In base 11, what is -6a5491 + -161?
-6a5642
In base 12, what is 347571a0 - -6?
347571a6
In base 7, what is -3245615 - 121?
-3246036
In base 12, what is -50 - -36200?
36170
In base 5, what is -30034402 + 0?
-30034402
In base 15, what is -ec3930 - 2?
-ec3932
In base 5, what is -43142222122 - -12?
-43142222110
In base 10, what is 3336 + -63031?
-59695
In base 3, what is 110 + -112102212201?
-112102212021
In base 11, what is -338 + -23991?
-24219
In base 8, what is -7160 + 60477?
51317
In base 4, what is -12033003023 + 322?
-12033002101
In base 5, what is 11024 + -1421042?
-1410013
In base 4, what is 112000 - -3100113?
3212113
In base 5, what is 1 + -20442240312?
-20442240311
In base 16, what is -10f604 - -3?
-10f601
In base 8, what is 1 - -20306542?
20306543
In base 16, what is e4f70 - 57?
e4f19
In base 9, what is -12 - -82408?
82386
In base 5, what is -133110 - -2303411?
2120301
In base 11, what is -11 + -725212?
-725223
In base 6, what is -3 + -1205211515?
-1205211522
In base 5, what is -10242 - 21301?
-32043
In base 5, what is -2243231441 + 2?
-2243231434
In base 13, what is -14b5b05 - -35?
-14b5aa0
In base 11, what is 23 - 113954?
-113931
In base 5, what is -113233101032 + 2?
-113233101030
In base 11, what is -4757 + -a61?
-5708
In base 3, what is -1021022221 + -1010110?
-1022110101
In base 13, what is -887bc2c + 1?
-887bc2b
In base 12, what is -140 + 743482?
743342
In base 10, what is -3 - -132231?
132228
In base 7, what is -20226 + 204554?
154325
In base 8, what is -65 + -334330?
-334415
In base 16, what is -1deffe3 + 0?
-1deffe3
In base 9, what is 2741 - -173141?
175882
In base 11, what is 24 + 2564364?
2564388
In base 7, what is -3 - 26540402?
-26540405
In base 7, what is -16313265 - -24?
-16313241
In base 2, what is 11000010001001110101 - 11111001?
11000010000101111100
In base 14, what is 118 - 12a5?
-118b
In base 11, what is 49 + 182470?
182509
In base 11, what is 79699 + -618a?
7350a
In base 15, what is 208a - 27b?
1d0e
In base 10, what is 193 + -68680?
-68487
In base 7, what is 13241 + -212120?
-165546
In base 16, what is de1 + 2e6?
10c7
In base 14, what is 18 + c9850?
c9868
In base 5, what is -3 - -30210333333?
30210333330
In base 16, what is -b4b81a + 1?
-b4b819
In base 14, what is -5548c3 + 1?
-5548c2
In base 9, what is 4656 - -2582?
7348
In base 10, what is -1378155163 + 0?
-1378155163
In base 5, what is 114432043 - 20?
114432023
In base 16, what is -b309 + b26?
-a7e3
In base 15, what is -113 + -264b?
-275e
In base 11, what is 18 - 900355?
-900338
In base 5, what is 11402 + -3444102?
-3432200
In base 7, what is -1 + 251501302?
251501301
In base 8, what is -5 + 10762066?
10762061
In base 13, what is 9 - 15cc41?
-15cc35
In base 9, what is 2418 - -48148?
51567
In base 15, what is 1812d - -b16?
18c44
In base 13, what is 2 + -c643b6?
-c643b4
In base 8, what is -2577 + -1560?
-4357
In base 1